 What is a(x)?
8
Let m(t) = -t + 14. Let w(s) = -6*s**2 + 46*s - 13. Let c(i) = -2*i**2 + 15*i - 4. Let g = -11 + 19. Let f(d) = g*c(d) - 3*w(d). Let r be f(9). Calculate m(r).
7
Let n(r) be the third derivative of -r**5/60 + 3*r**4/8 - 11*r**3/6 + 5*r**2. Let j be n(8). Let z = j + -2. Let y(i) = -i - 9. Give y(z).
-4
Let w(o) = -o**2 + 6*o - 7. Let g(k) = -3*k + 12. Let a be g(2). Give w(a).
-7
Let q(b) be the second derivative of b**6/360 - b**5/15 + 11*b**4/24 - 11*b**3/3 - 19*b. Let x(t) be the second derivative of q(t). Calculate x(8).
11
Let o(c) = -9*c - 6 + 2*c + 12*c + 0*c. Determine o(6).
24
Let v(a) = a**2 - 10*a + 19. Let r be v(8). Let n(w) = w**3 - 7 - 6*w**2 - 6*w**3 + 4*w**r. Calculate n(-6).
-7
Let s = 8 - 7. Let f(g) = -5*g**3 + 4*g**2 + g + 4. Let c(q) = -q**3 + q**2 + q + 1. Let x(w) = 3*c(w) - f(w). Give x(s).
2
Suppose -2*g + 3 + 19 = 0. Let f(s) = s**3 - 12*s**2 + 10*s + 10. Give f(g).
-1
Let h(l) = 22*l**2 - 5*l - 99. Let p(s) = 7*s**2 - s - 33. Let i(q) = -6*h(q) + 19*p(q). Give i(-14).
9
Suppose -a + 1 = -1. Let y(i) = -4 + a - 2*i**2 - i**2 - i - 2*i**3. Let s(f) = -8*f + 70. Let m be s(9). Calculate y(m).
4
Let f be -49 - ((-4)/4 - -2). Let p = f + 47. Let r(s) = -5 + s**2 + 5. Calculate r(p).
9
Let c(q) = -2 + q + 1 - 2*q. Suppose -4*p = -6*p - 3*k + 10, 10 = p + 4*k. Let z(x) = x**2 + 9*x + 6. Let l(v) = p*c(v) + z(v). What is l(-5)?
-6
Let l(v) be the first derivative of v**2/2 + 4*v - 179. Give l(-7).
-3
Let d(n) = 2*n**3 + 11*n**2 - 2*n - 2. Let a(h) = 5*h**3 + 24*h**2 - 5*h - 6. Let o(l) = 3*a(l) - 7*d(l). Determine o(5).
-9
Let n = -15 - -16. Let g be (2 - (-2 + 3))*n. Let a(d) = 1 + 8 + 2*d + g. Calculate a(-7).
-4
Let m(n) = n**2 + 6*n - 302. Let a be m(-21). Let o(p) = -p**2 + 15*p - 22. What is o(a)?
4
Suppose 3*h - 5*u = 2, -4*h = 5*u - 7*u - 12. Let y(w) = w**2 + 5. Determine y(h).
21
Let w(v) = -v**3 - 7*v**2 - 5*v + 7. Let o(f) = -f**3 + 20*f**2 - 18*f - 25. Let b be o(19). Give w(b).
1
Let f(g) = -8*g**3 + g**2 - g. Let d(v) = 24*v**3 + 2*v - 1. Let m be d(1). Suppose 5*o = 4*n + 25, -4*n = -9*n - m. What is f(o)?
-8
Let y be (5 - (-27)/(-6))/((-2)/12). Let n(c) = 0*c + 5*c - c - c**3 + 1. What is n(y)?
16
Let i(p) = -p + 2. Let l(g) = -13. Let f(v) = -v. Let x(u) = 3*f(u) + l(u). Let r be x(-5). What is i(r)?
0
Let c(h) = h**3 - 13*h**2 - 3*h + 19. Suppose -12*n + 112 + 44 = 0. Determine c(n).
-20
Let c(d) = 1 - 8 - d - 7 + 18. Let l(q) = 3*q - 7. Let w(z) = -5*c(z) - 3*l(z). What is w(2)?
-7
Let j(t) be the first derivative of t**6/120 + 7*t**5/60 + 5*t**4/24 - 5*t**3/6 + 9*t**2/2 + 11. Let y(z) be the second derivative of j(z). Give y(-6).
1
Let t = 1 - 1. Let u(i) be the first derivative of i**3/3 + i**2/2 - 14*i - 153. Calculate u(t).
-14
Let a be 3 - (1 + -4 - -4). Suppose 2*d = -0*d + 4*j + 6, -5*d = a*j + 33. Let s(l) = -l**2 - 3*l - 3. Determine s(d).
-13
Suppose 6*c + 56 = 4*c - 2*a, -4*a + 3 = -c. Let v = -16 - c. Let g be (5 - v)/(2/(-6)). Let y(x) = x**2 - 4*x - 4. Calculate y(g).
8
Let f = -77 + 77. Let d(y) = -y - 18. Let p(o) = 2*o + 36. Let u(j) = 5*d(j) + 2*p(j). What is u(f)?
-18
Let a(u) = 10*u**2 - 91*u + 13. Let i be a(9). Let s(v) = 2*v**2 - 3*v + 2. What is s(i)?
22
Let j(w) be the first derivative of 3*w**2/2 - 9*w + 206. What is j(5)?
6
Let t(f) = 61*f - 2. Let u(y) = 9*y. Let i(b) = -t(b) + 6*u(b). What is i(2)?
-12
Let r(c) = -c**3 + 7*c**2 - 4*c + 9. Let i = -228 + 234. Calculate r(i).
21
Let g(i) be the first derivative of 4*i - 1/3*i**3 - 39 + 3/2*i**2. Give g(5).
-6
Suppose 10*n - 203 = -133. Let i(x) = -x + 9. Give i(n).
2
Let i(y) = -3*y**3 + 7*y**2 + 18*y + 3. Let u(x) = 2*x**3 - 9*x**2 - 17*x - 4. Let t(q) = 3*i(q) + 4*u(q). Give t(-14).
-7
Suppose -u = -3*u - 3*p + 24, 12 = 3*p. Let q be ((-9)/u)/(-3)*-2. Let a(l) = -700*l**3 + 1392*l**3 - l**2 - 704*l**3. Calculate a(q).
11
Let m(k) = k**2 + 16*k - 38. Let g be m(-18). Let v(f) be the third derivative of -f**4/8 - f**3/2 + 2*f**2. Calculate v(g).
3
Let x(l) = l**3 - 4*l**2 - 7*l + 7. Suppose 0 = -5*b + 38 + 222. Let w = 73 - b. Let o = w - 16. Give x(o).
-3
Let m(o) = o + 16. Suppose 3*t - 5*n + 46 = -13, 4*t + 60 = 2*n. What is m(t)?
3
Let l(y) = y - 5. Let b be l(5). Let i(s) = b*s - 4*s + 3 + 0*s. Let q be -55 + (-5810)/(-105) + 16/6*1. Determine i(q).
-9
Let c(d) be the third derivative of d**4/24 + d**3/6 + 199*d**2. Determine c(17).
18
Let q(x) be the second derivative of 2*x**5/5 + x**4/12 + x**3/6 - x**2/2 + 235*x. Calculate q(-1).
-9
Let z = -140 + 196. Let y be (-6)/(-8) + 14/z. Let c(l) = -l**3 + l**2 + l - 1. Let x(r) = 10*r**3 - 5*r**2 - 6*r + 5. Let u(h) = 5*c(h) + x(h). Give u(y).
4
Let p(m) = m**2 + 14*m + 12. Let k(q) = q**3 - 12*q**2 + 6*q + 41. Let s be k(11). Determine p(s).
12
Let i(x) = 13*x**2 + 5*x - 13. Let n = -5 + 5. Let s be (-1)/(n + (-1)/11). Let m(l) = 7*l**2 + 3*l - 7. Let d(f) = s*m(f) - 6*i(f). Give d(3).
1
Let h(m) = -m. Let i(u) = -5*u + 6. Let j(q) = -6*h(q) + i(q). Let t(z) = 8*z - 136. Let n be t(17). Give j(n).
6
Let b(c) = c**2 - 17*c - 30. Let y be b(19). Let v(a) = a**2 - 10*a + 9. What is v(y)?
-7
Let i(l) = 51*l**2 - 70*l - 45. Let x(v) = 11*v**2 - 17*v - 11. Let y(m) = 2*i(m) - 9*x(m). Calculate y(-3).
-3
Let t(d) = -d + 10. Let g be t(8). Suppose -2*b - 4 = g. Let m(a) = 4*a**2 + 7*a - 5. Let z(v) = -3*v**2 - 6*v + 5. Let n(o) = b*z(o) - 2*m(o). Calculate n(-6).
7
Suppose -28 = -2*c + 3*u - 7*u, 2*u = -5*c + 30. Let g(r) = 0 - 1 - 4*r + 0*r + 2*r. Calculate g(c).
-9
Let f(m) = -11 + m**2 + m**2 - 7*m**2 + 4 + 7*m + m**3 - 4*m. Let l = -7 - -12. Calculate f(l).
8
Let h(b) = 6215*b**3 - 1 - 6214*b**3 + 0 + 3*b**2 - 2*b. Calculate h(-3).
5
Let j(i) = 2*i - 3. Suppose -3*t + 5*r = 11, -2 = -5*t - 2*r + 21. Give j(t).
3
Let k(j) = -j**3 - 4*j**2 - j. Let s = 79 - 143. Let b = s - -61. What is k(b)?
-6
Let s(x) = -11*x - 1. Let l(i) = i - 4*i - 110 - 119 + 189. Let q be l(-13). What is s(q)?
10
Let y be (4 + 64/(-12))*-3. Let z(v) = -21*v + 48*v + 1 - y*v. Give z(1).
24
Let j(a) = -4*a**2 - 3*a + 20. Let h(w) = -2*w**2 - w + 9. Let f(t) = 9*h(t) - 4*j(t). Calculate f(-3).
-26
Let d(b) = 51*b**3 - 26*b**3 + 4 - b**2 - 26*b**3. Let w be d(0). Let t(u) = -6*u. Give t(w).
-24
Let b(h) = -h**3 + 3*h**2 + 2*h + 5. Let c = 433 - 429. What is b(c)?
-3
Suppose 38*q - 98 = 24*q. Let c(k) = -k**3 + 7*k**2 + 2*k - 20. Give c(q).
-6
Suppose 0 = 3*k + 4 - 1. Let h(a) = 7*a - 5. Let m(q) = -q. Suppose -37*i - 20*i = 285. Let n(t) = i*m(t) + k*h(t). Give n(-4).
13
Suppose -4*i + 0*b = -4*b - 8, -3*b = 3*i - 24. Let s(m) = -3 + 8*m - 2*m - i*m. Give s(-4).
-7
Suppose 60*b = 59*b + 3. Let g(l) = l - 9. Calculate g(b).
-6
Suppose 3*d - 4*c + 7 = 0, 4*c - 3*c = -3*d - 2. Let h(s) = 3*s**3 + s. Determine h(d).
-4
Let u(a) = a**3 - 3*a**2 - 6*a - 5. Suppose 7*w = -13*w + 100. Calculate u(w).
15
Let d(z) = -11*z**3 + 10*z**2 + 15. Let t(r) = -2*r**3 + r**2 - r + 2. Let o(f) = d(f) - 6*t(f). Give o(-3).
-6
Let n(s) = -s - 124 + 125 + 4*s. Give n(-1).
-2
Let u(h) be the first derivative of h**4/24 + h**3/6 + 19*h**2/2 - 9. Let i(p) be the second derivative of u(p). What is i(1)?
2
Let f(k) be the third derivative of k**6/120 + k**4/24 + 3*k**3/2 - 26*k**2. Let n(d) be the first derivative of f(d). Give n(1).
4
Let k(x) = 7*x - 7. Let u(i) = -i**3 - 20*i**2 - 21*i - 33. Let q be u(-19). Give k(q).
28
Let f(x) = 3*x**3 - 2*x - 4. Let l(w) = w**3 - w - 1. Let t(o) = f(o) - 4*l(o). Suppose 0*m - 64 = 4*m. Let k = -18 - m. Calculate t(k).
4
Let z(g) = -20 + 0*g - g + 15 + 8. Determine z(0).
3
Let d(u) = -u**2 - 7*u. Let k be (-9 + 8)/(0 - (-3)/(-12)). Let q be (-26)/k - (-10)/20. Determine d(q).
6
Let p(h) = -11*h - 1. Suppose 0 = -157*g + 152*g - 10. Calculate p(g).
21
Let f(b) = 9*b + 12. Let t(j) = 2*j + 2. Let s(m) = -f(m) + 4*t(m). Determine s(-8).
4
Suppose -2*f - q = -14, -2*f + f + 4*q = -7. Let l(k) = 8 - 9*k + 2 - 4*k - 1 + 11*k. Calculate l(f).
-5
Suppose -5 = j - 8. Let g(n) = -5*n**3 - 1 + 9*n**2 - 9*n**2 - 3*n**j. Calculate g(1).
-9
Let g(j) = -j - 4. Let a be (5 + 60)/5 + -5. Determine g(a).
-12
Suppose 5*j + 25 = -i, -9*j + 10*j + i + 9 = 0. Let s(h) = h - 7. Calculate s(j).
-11
Let w be (0/(-9))/(-4 - 1). Let n(k) = k - 6. Give n(w).
-6
Let u(r) = -7*r**2 - r + 3. Let l(m) = m**2